isor of 16 and 544.
16
What is the highest common factor of 21 and 168?
21
Calculate the highest common divisor of 93 and 1566.
3
What is the greatest common divisor of 50 and 230?
10
Calculate the greatest common factor of 9 and 1503.
9
Calculate the highest common divisor of 12 and 1452.
12
What is the greatest common factor of 610 and 40?
10
What is the greatest common factor of 1298 and 472?
118
Calculate the greatest common factor of 162 and 7218.
18
What is the greatest common factor of 57 and 969?
57
What is the greatest common factor of 297 and 396?
99
Calculate the greatest common divisor of 87 and 2291.
29
What is the highest common divisor of 6978 and 6?
6
What is the greatest common divisor of 285 and 45?
15
What is the highest common divisor of 600 and 480?
120
Calculate the highest common factor of 126 and 126.
126
What is the greatest common factor of 26 and 1651?
13
Calculate the greatest common factor of 3711 and 3.
3
Calculate the greatest common factor of 3024 and 42.
42
Calculate the greatest common divisor of 208 and 64.
16
What is the greatest common factor of 143 and 325?
13
What is the highest common divisor of 16 and 1328?
16
Calculate the greatest common factor of 53 and 18020.
53
What is the greatest common factor of 48 and 80?
16
What is the greatest common divisor of 91 and 39?
13
What is the greatest common factor of 392 and 441?
49
What is the highest common factor of 2387 and 231?
77
Calculate the greatest common divisor of 627 and 22.
11
What is the greatest common divisor of 45043 and 31?
31
What is the greatest common factor of 17 and 1139?
17
Calculate the greatest common divisor of 92 and 437.
23
What is the highest common divisor of 111 and 407?
37
Calculate the greatest common factor of 15048 and 9.
9
What is the highest common factor of 14 and 10?
2
Calculate the highest common factor of 64 and 304.
16
What is the highest common divisor of 14 and 350?
14
Calculate the highest common divisor of 11 and 275.
11
Calculate the greatest common divisor of 174 and 232.
58
What is the greatest common divisor of 10 and 37790?
10
What is the greatest common divisor of 99 and 924?
33
What is the greatest common divisor of 1727 and 33?
11
Calculate the greatest common factor of 16 and 496.
16
Calculate the greatest common factor of 102 and 1564.
34
What is the highest common divisor of 18306 and 452?
226
Calculate the greatest common divisor of 144 and 456.
24
What is the greatest common divisor of 33 and 319?
11
What is the highest common divisor of 245 and 32095?
245
Calculate the highest common factor of 800 and 35.
5
What is the highest common factor of 27 and 24?
3
What is the greatest common factor of 8 and 4?
4
Calculate the highest common divisor of 81 and 117.
9
Calculate the greatest common factor of 10 and 32.
2
Calculate the highest common factor of 60 and 48.
12
Calculate the greatest common divisor of 1767 and 1581.
93
Calculate the greatest common divisor of 1711 and 295.
59
Calculate the highest common factor of 24 and 248.
8
What is the greatest common divisor of 14 and 602?
14
Calculate the greatest common factor of 8 and 144.
8
Calculate the highest common divisor of 2497 and 187.
11
Calculate the highest common divisor of 336 and 21.
21
What is the greatest common factor of 568 and 8?
8
What is the highest common factor of 18 and 117?
9
What is the highest common divisor of 6 and 64?
2
What is the highest common factor of 676 and 468?
52
Calculate the highest common divisor of 100 and 50.
50
Calculate the greatest common factor of 3479 and 710.
71
What is the highest common factor of 247 and 38?
19
What is the greatest common divisor of 60 and 3180?
60
Calculate the highest common factor of 105 and 55.
5
Calculate the highest common factor of 3971 and 8987.
209
Calculate the greatest common factor of 138 and 8625.
69
What is the highest common divisor of 2142 and 2520?
126
Calculate the highest common factor of 2 and 1.
1
What is the greatest common divisor of 74 and 333?
37
What is the greatest common factor of 1751 and 374?
17
Calculate the highest common divisor of 85 and 5.
5
Calculate the greatest common divisor of 4334 and 11.
11
Calculate the greatest common factor of 140 and 1575.
35
Calculate the greatest common divisor of 1833 and 987.
141
Calculate the highest common divisor of 143 and 110.
11
Calculate the greatest common divisor of 20 and 80.
20
What is the highest common divisor of 198 and 9?
9
What is the greatest common divisor of 18 and 99?
9
What is the highest common factor of 48 and 1428?
12
What is the highest common divisor of 1482 and 9?
3
What is the greatest common factor of 64 and 992?
32
Calculate the highest common divisor of 561 and 816.
51
Calculate the greatest common factor of 230 and 9062.
46
What is the greatest common divisor of 3 and 79?
1
What is the highest common factor of 56 and 49?
7
What is the greatest common divisor of 39 and 26?
13
Calculate the highest common factor of 8 and 34.
2
Calculate the highest common divisor of 91 and 455.
91
Calculate the greatest common divisor of 1550 and 465.
155
What is the greatest common factor of 6960 and 4930?
290
What is the highest common divisor of 12 and 228?
12
Calculate the highest common factor of 10444 and 112.
28
Calculate the highest common divisor of 462 and 42.
42
Calculate the highest common divisor of 15040 and 10.
10
What is the highest common divisor of 500 and 220?
20
What is the greatest common divisor of 252 and 672?
84
What is the highest common divisor of 55 and 88?
11
Calculate the highest common factor of 978 and 24.
6
What is the highest common factor of 336 and 21?
21
Calculate the highest common factor of 66 and 165.
33
What is the greatest common divisor of 110 and 198?
22
What is the greatest common divisor of 470 and 10?
10
Calculate the greatest common divisor of 72 and 180.
36
What is the greatest common factor of 21 and 462?
21
What is the highest common factor of 6194 and 38?
38
What is the greatest common divisor of 23667 and 69?
69
Calculate the highest common divisor of 323 and 19.
19
Calculate the highest common factor of 1585 and 15.
5
Calculate the greatest common divisor of 20 and 50.
10
Calculate the greatest common factor of 336 and 240.
48
Calculate the greatest common divisor of 18 and 87.
3
What is the greatest common factor of 4860 and 420?
60
What is the greatest common divisor of 108 and 1200?
12
Calculate the greatest common divisor of 32 and 1336.
8
Calculate the greatest common factor of 4634 and 14.
14
Calculate the highest common divisor of 221 and 26.
13
What is the greatest common divisor of 29 and 18937?
29
Calculate the greatest common factor of 53 and 159.
53
Calculate the highest common divisor of 15710 and 20.
10
Calculate the greatest common divisor of 81 and 783.
27
What is the highest common factor of 168 and 3584?
56
What is the highest common factor of 28410 and 60?
30
What is the greatest common divisor of 43 and 1548?
43
What is the greatest common divisor of 28 and 2758?
14
What is the highest common divisor of 322 and 391?
23
What is the highest common divisor of 15 and 635?
5
Calculate the highest common factor of 22 and 8767.
11
Calculate the greatest common factor of 3577 and 3139.
73
What is the highest common factor of 378 and 4438?
14
Calculate the greatest common factor of 77567 and 7.
7
Calculate the highest common factor of 258 and 9159.
129
What is the highest common factor of 30 and 64545?
15
What is the greatest common divisor of 20 and 90?
10
What is the highest common divisor of 215 and 11008?
43
Calculate the highest common divisor of 15 and 1945.
5
Calculate the greatest common factor of 99 and 11.
11
What is the greatest common factor of 17933 and 681?
227
Calculate the highest common factor of 931 and 19.
19
What is the highest common factor of 17086 and 2?
2
Calculate the greatest common divisor of 4 and 772.
4
What is the greatest common factor of 44 and 20?
4
Calculate the highest common factor of 1628 and 11.
11
What is the highest common factor of 1539 and 152?
19
Calculate the greatest common divisor of 390 and 110.
10
What is the highest common factor of 979 and 712?
89
Calculate the greatest common factor of 32 and 448.